and 92.
46
Calculate the greatest common divisor of 15 and 1321795.
5
Calculate the highest common factor of 1470066 and 401.
401
Calculate the greatest common factor of 11356 and 2652.
68
What is the greatest common factor of 423175 and 200?
25
What is the highest common divisor of 102825 and 270?
45
Calculate the greatest common divisor of 305155 and 40.
5
Calculate the highest common divisor of 4369 and 187.
17
Calculate the highest common factor of 543800 and 200.
200
What is the highest common divisor of 1685 and 1989648?
337
What is the greatest common factor of 384 and 2478?
6
Calculate the highest common divisor of 3096 and 4042.
86
What is the greatest common factor of 15 and 8869290?
15
Calculate the highest common divisor of 191641 and 748.
17
Calculate the greatest common factor of 2271988 and 4.
4
What is the highest common divisor of 8075 and 137598?
323
What is the highest common factor of 25116650 and 170?
170
Calculate the highest common factor of 2968 and 3304.
56
Calculate the highest common factor of 753 and 15.
3
What is the highest common factor of 3296 and 23278?
206
Calculate the highest common divisor of 29706 and 12.
6
What is the greatest common factor of 912368 and 16?
16
Calculate the greatest common factor of 43880 and 16.
8
What is the highest common factor of 80 and 13936?
16
What is the greatest common factor of 192 and 830304?
96
What is the highest common divisor of 387828 and 13167?
1197
What is the greatest common divisor of 24117 and 51?
3
Calculate the greatest common divisor of 402 and 7680.
6
What is the highest common factor of 22 and 1031107?
11
What is the highest common divisor of 2330 and 3202818?
466
Calculate the greatest common factor of 42 and 477498.
42
Calculate the highest common factor of 391534 and 22.
22
Calculate the highest common factor of 1798 and 228694.
58
What is the greatest common divisor of 1430580 and 40?
20
Calculate the highest common factor of 291356 and 431.
431
What is the greatest common factor of 39 and 8853?
39
Calculate the highest common divisor of 84538 and 86.
86
Calculate the greatest common factor of 29 and 30827.
29
What is the greatest common divisor of 11736 and 1101717?
1467
Calculate the highest common divisor of 118375 and 20.
5
Calculate the greatest common divisor of 8036 and 205.
41
Calculate the highest common factor of 2129236 and 1068.
356
What is the highest common factor of 62952 and 573888?
1464
What is the greatest common factor of 3024 and 133728?
336
Calculate the greatest common divisor of 21816 and 17700.
12
What is the greatest common factor of 116 and 13253?
29
What is the greatest common factor of 7258 and 3990?
38
Calculate the highest common divisor of 322 and 55867.
161
What is the highest common factor of 25831 and 1241875?
1987
What is the highest common divisor of 158736 and 72?
24
What is the greatest common factor of 15133 and 592?
37
Calculate the highest common factor of 48685 and 130.
65
What is the greatest common divisor of 8624 and 32?
16
What is the highest common factor of 972540 and 10?
10
What is the greatest common divisor of 96 and 2019?
3
Calculate the greatest common factor of 1871514 and 3.
3
Calculate the greatest common factor of 60605 and 32453.
391
What is the greatest common factor of 8043 and 6006?
21
What is the highest common factor of 31 and 1804417?
31
What is the greatest common factor of 904024 and 176?
88
Calculate the highest common divisor of 300 and 20050.
50
Calculate the highest common factor of 146406 and 858.
78
What is the highest common factor of 2718 and 384?
6
What is the highest common factor of 31300541 and 29?
29
Calculate the highest common factor of 124 and 3756.
4
What is the greatest common factor of 30384 and 2110?
422
What is the greatest common factor of 3010 and 506282?
602
Calculate the greatest common factor of 130393 and 3154.
83
Calculate the greatest common factor of 3352 and 1016494.
838
What is the highest common factor of 4932 and 5206?
274
What is the highest common factor of 157095 and 9?
9
What is the highest common divisor of 30702 and 35?
7
What is the greatest common divisor of 198 and 51372?
18
What is the highest common factor of 3789 and 324591?
1263
Calculate the highest common factor of 200 and 359184.
8
What is the highest common divisor of 996 and 2136?
12
Calculate the highest common divisor of 10 and 5658930.
10
Calculate the greatest common factor of 5221 and 217012.
227
Calculate the highest common divisor of 4524 and 2418.
78
What is the highest common divisor of 7421 and 25159?
181
What is the greatest common divisor of 34889 and 10793?
251
What is the highest common factor of 249 and 1444864?
83
What is the greatest common factor of 72 and 98184?
24
Calculate the highest common factor of 5625 and 72.
9
What is the highest common factor of 33 and 25845?
3
Calculate the highest common factor of 759966 and 414.
138
What is the highest common divisor of 410902 and 82?
82
What is the highest common divisor of 101888 and 120?
8
What is the greatest common factor of 1980 and 2499156?
396
Calculate the highest common factor of 2758 and 591.
197
Calculate the greatest common factor of 490 and 12110.
70
What is the greatest common factor of 36309 and 4851?
147
Calculate the highest common factor of 77614 and 604.
302
What is the highest common factor of 14148 and 15589?
131
What is the highest common factor of 18601 and 187?
11
Calculate the greatest common factor of 82669 and 57.
19
Calculate the highest common divisor of 287 and 45150.
7
What is the greatest common divisor of 279 and 38223?
279
Calculate the highest common divisor of 3312 and 46000.
368
Calculate the greatest common divisor of 49 and 73059.
49
What is the highest common factor of 902912 and 32?
32
What is the highest common factor of 79532 and 12?
4
Calculate the highest common divisor of 1616 and 1904.
16
Calculate the greatest common factor of 12 and 17844.
12
What is the highest common factor of 36273 and 3745?
107
What is the highest common factor of 369 and 7093?
41
Calculate the highest common divisor of 1914 and 1650.
66
What is the highest common factor of 1727156 and 188?
188
Calculate the greatest common factor of 36 and 15819.
3
What is the greatest common factor of 340767 and 567?
567
What is the highest common factor of 814 and 5254?
74
What is the greatest common factor of 1695 and 3000?
15
What is the greatest common factor of 40608 and 132?
12
Calculate the greatest common divisor of 9160 and 520.
40
Calculate the greatest common divisor of 825080 and 120.
40
What is the greatest common factor of 2 and 1966?
2
Calculate the highest common factor of 32850 and 144.
18
Calculate the highest common factor of 222 and 922965.
111
Calculate the highest common factor of 56756 and 10.
2
What is the greatest common divisor of 13668 and 228?
12
What is the highest common factor of 92 and 1748?
92
Calculate the highest common divisor of 5712 and 128688.
336
Calculate the greatest common divisor of 41 and 103361.
41
Calculate the greatest common divisor of 240 and 6856.
8
Calculate the greatest common factor of 15096 and 1998.
222
What is the greatest common factor of 8 and 2936184?
8
What is the greatest common divisor of 98570 and 10?
10
Calculate the highest common divisor of 254 and 971042.
254
What is the highest common factor of 4401 and 864?
27
Calculate the highest common divisor of 819465 and 30.
15
What is the highest common divisor of 78 and 202098?
78
Calculate the highest common divisor of 7752 and 17085.
51
Calculate the greatest common factor of 289 and 849949.
289
What is the greatest common divisor of 199050 and 250?
50
Calculate the highest common factor of 210890 and 10.
10
Calculate the greatest common divisor of 25 and 25985.
5
Calculate the highest common factor of 306 and 3898644.
102
What is the greatest common factor of 225 and 41724?
9
What is the greatest common factor of 1960 and 1480?
40
Calculate the highest common factor of 398 and 3002.
2
What is the greatest common divisor of 148580 and 255?
85
Calculate the greatest common factor of 672 and 229082.
14
What is the greatest common divisor of 14580 and 20?
20
Calculate the greatest common divisor of 1634 and 1